89 and 391.
391
Calculate the greatest common factor of 36 and 14036166.
18
What is the highest common divisor of 174032570 and 30?
10
Calculate the greatest common factor of 8737790 and 122305.
2005
What is the highest common factor of 8106 and 5660304?
1158
Calculate the highest common divisor of 4825 and 5252495.
965
Calculate the highest common divisor of 24256 and 3899648.
64
What is the highest common factor of 35976 and 494328?
24
What is the highest common divisor of 5803 and 66094?
7
What is the greatest common divisor of 352882993 and 13774?
6887
Calculate the greatest common factor of 18400 and 3182050.
1150
What is the highest common factor of 52930003 and 1967?
1967
What is the greatest common divisor of 102196216 and 91828?
8348
What is the greatest common factor of 347099875 and 625?
125
What is the highest common factor of 7223 and 141205?
31
Calculate the highest common divisor of 2242 and 18658.
38
What is the greatest common factor of 1311 and 23886696?
69
What is the highest common divisor of 22413 and 152148?
93
Calculate the highest common divisor of 233751408 and 62.
62
Calculate the greatest common divisor of 121425184 and 352.
32
What is the greatest common divisor of 8764524 and 1143?
1143
Calculate the greatest common factor of 639682 and 2214.
82
Calculate the highest common factor of 391 and 154921.
17
Calculate the highest common divisor of 11066 and 192214.
22
What is the greatest common factor of 26891051 and 11?
11
Calculate the greatest common factor of 4236 and 71244.
12
What is the highest common factor of 2080 and 206830?
130
Calculate the greatest common divisor of 49 and 34543481.
49
Calculate the greatest common factor of 10325665 and 376.
47
What is the greatest common divisor of 5309489 and 194?
97
Calculate the greatest common divisor of 107000 and 336000.
1000
What is the highest common factor of 626763 and 4812?
1203
Calculate the highest common factor of 1310220 and 8640.
180
Calculate the highest common factor of 603276 and 996.
12
What is the greatest common factor of 4971491 and 3124?
71
What is the highest common divisor of 3026 and 1224551?
89
Calculate the highest common factor of 4530 and 4538375970.
4530
Calculate the greatest common factor of 4746 and 83958.
42
Calculate the highest common divisor of 28 and 66590188.
28
Calculate the highest common divisor of 21836462 and 4.
2
What is the greatest common divisor of 11112 and 232183851?
1389
Calculate the highest common factor of 601 and 21348121.
601
Calculate the greatest common divisor of 211216 and 32.
16
Calculate the greatest common factor of 234 and 716922.
18
Calculate the highest common factor of 162 and 10836840.
6
What is the highest common factor of 1826070 and 4050?
30
What is the greatest common divisor of 11242 and 210056?
154
What is the greatest common factor of 16533465 and 780?
195
What is the greatest common divisor of 7453 and 8129681?
257
Calculate the greatest common divisor of 2257992 and 352.
88
Calculate the highest common factor of 135 and 11749275.
45
What is the greatest common factor of 18719591 and 22?
11
Calculate the greatest common divisor of 1379 and 158411246.
1379
Calculate the greatest common factor of 250433100 and 540.
540
What is the highest common divisor of 308707351 and 53?
53
What is the highest common divisor of 290117 and 162578?
37
What is the greatest common factor of 1869323438 and 7274?
7274
Calculate the highest common divisor of 15409732 and 14807.
871
Calculate the greatest common factor of 358716215 and 715.
715
What is the greatest common divisor of 72 and 111173904?
72
What is the greatest common factor of 48387928 and 28368?
1576
What is the highest common factor of 17769042 and 9?
9
What is the highest common factor of 264 and 964700?
44
What is the highest common factor of 8651241 and 12663?
603
What is the greatest common factor of 33602 and 8798?
106
Calculate the highest common factor of 94 and 1508279115.
47
What is the greatest common divisor of 108525808 and 1165?
233
What is the highest common factor of 2160490248 and 252?
252
Calculate the greatest common divisor of 81 and 36709182.
9
Calculate the greatest common factor of 81075 and 125460860.
5405
What is the greatest common factor of 77 and 66100342?
77
Calculate the greatest common factor of 4 and 1118452.
4
What is the greatest common divisor of 6169910 and 70?
10
Calculate the highest common divisor of 1908 and 28735116.
636
What is the greatest common divisor of 64405975 and 1605?
535
Calculate the greatest common factor of 3349 and 12571949.
197
Calculate the greatest common divisor of 451515 and 8184.
93
Calculate the highest common divisor of 210223818 and 172.
86
Calculate the greatest common divisor of 108 and 3555204.
12
What is the greatest common divisor of 7106230 and 70?
10
Calculate the highest common divisor of 913581153 and 27.
27
What is the highest common divisor of 37640460 and 535?
535
Calculate the greatest common factor of 1377694 and 3614130.
6178
What is the highest common factor of 767510 and 690?
230
Calculate the greatest common factor of 5440 and 2264740.
340
What is the highest common divisor of 455781851 and 1022?
511
What is the highest common divisor of 813 and 42831279?
813
Calculate the greatest common divisor of 1253493058 and 332.
166
What is the greatest common divisor of 72990701 and 99179?
1681
What is the greatest common divisor of 26231 and 2941?
17
Calculate the highest common factor of 1642181 and 69479.
61
What is the highest common factor of 418851522 and 1422?
1422
What is the greatest common divisor of 9447 and 2196126?
201
What is the greatest common factor of 348 and 1103988?
12
Calculate the greatest common divisor of 12374 and 3013.
23
What is the greatest common divisor of 293815341 and 117?
9
Calculate the greatest common divisor of 24076 and 1043139.
463
What is the greatest common factor of 157015 and 11470?
155
What is the greatest common factor of 7035 and 146475?
105
Calculate the highest common divisor of 1515 and 459252252.
303
Calculate the greatest common factor of 33 and 77623502.
11
Calculate the greatest common factor of 155428 and 6812.
52
What is the greatest common divisor of 169862 and 242?
22
Calculate the greatest common divisor of 667400 and 2566153.
3337
Calculate the greatest common divisor of 671000754 and 7422.
7422
What is the highest common divisor of 38080 and 748459?
17
What is the greatest common divisor of 9332 and 1792182604?
9332
What is the highest common factor of 107911833 and 6?
3
What is the greatest common factor of 1404 and 53970264?
36
Calculate the greatest common factor of 1691 and 68970817.
1691
Calculate the highest common divisor of 193276 and 4088969.
211
Calculate the highest common divisor of 69520553 and 3397.
79
Calculate the highest common divisor of 12305540 and 1590.
530
Calculate the highest common factor of 108002880 and 2080.
160
Calculate the highest common divisor of 5827665 and 645.
15
Calculate the greatest common factor of 813 and 61517.
271
What is the highest common factor of 33440 and 594320?
1520
Calculate the highest common divisor of 10349 and 2292107.
131
What is the greatest common divisor of 268 and 10234920?
268
What is the greatest common factor of 4100 and 320700?
100
Calculate the greatest common factor of 259 and 259091.
7
Calculate the highest common divisor of 816943914 and 54.
54
What is the highest common divisor of 14000 and 235100?
100
Calculate the highest common divisor of 102439 and 34176.
89
Calculate the highest common factor of 24328384 and 64.
64
What is the greatest common divisor of 448791912 and 144?
72
Calculate the highest common divisor of 34 and 43769475.
17
Calculate the greatest common factor of 29749082 and 22.
22
Calculate the highest common divisor of 1169184 and 174648.
456
What is the greatest common divisor of 4272 and 9805308?
1068
Calculate the greatest common divisor of 24969 and 4245919.
1189
What is the highest common divisor of 19657224 and 104?
8
What is the highest common factor of 2117563 and 9618?
1603
What is the highest common factor of 32769087 and 481?
481
What is the highest common divisor of 520 and 891410?
130
Calculate the highest common divisor